 by 52968.
67
What is the remainder when 335558 is divided by 504?
398
What is the remainder when 8084490 is divided by 78489?
123
Calculate the remainder when 32959 is divided by 31441.
1518
What is the remainder when 3488062 is divided by 619?
616
Calculate the remainder when 60535251 is divided by 107.
1
What is the remainder when 175396 is divided by 2537?
343
What is the remainder when 3844266 is divided by 18048?
42
Calculate the remainder when 1097204 is divided by 91433.
8
What is the remainder when 1565156 is divided by 11098?
338
What is the remainder when 3764954 is divided by 5040?
74
What is the remainder when 53264 is divided by 10037?
3079
What is the remainder when 324354401 is divided by 6196?
6193
What is the remainder when 1621991 is divided by 2821?
2737
Calculate the remainder when 167394714 is divided by 4006.
4004
What is the remainder when 734204 is divided by 244726?
26
What is the remainder when 4704458 is divided by 261358?
14
What is the remainder when 386470 is divided by 74?
42
What is the remainder when 462913 is divided by 145?
73
What is the remainder when 3783744 is divided by 37837?
44
Calculate the remainder when 119580 is divided by 29548.
1388
Calculate the remainder when 717931 is divided by 5398.
5395
What is the remainder when 44185 is divided by 8837?
0
What is the remainder when 3268351 is divided by 28?
23
Calculate the remainder when 37629 is divided by 12458.
255
Calculate the remainder when 39157 is divided by 28.
13
What is the remainder when 18486 is divided by 568?
310
Calculate the remainder when 4264148 is divided by 852829.
3
Calculate the remainder when 36871867 is divided by 35.
32
Calculate the remainder when 611838 is divided by 16095.
228
Calculate the remainder when 4937880 is divided by 3350.
3330
Calculate the remainder when 254298 is divided by 1402.
536
Calculate the remainder when 49225 is divided by 1954.
375
Calculate the remainder when 8607019 is divided by 1034.
3
Calculate the remainder when 443833459 is divided by 938.
937
Calculate the remainder when 196338566 is divided by 929.
919
Calculate the remainder when 210669 is divided by 3244.
3053
What is the remainder when 44360130 is divided by 10?
0
Calculate the remainder when 4527345 is divided by 79.
13
Calculate the remainder when 1441776 is divided by 3002.
816
Calculate the remainder when 53904789 is divided by 118.
29
Calculate the remainder when 61484038 is divided by 79.
76
What is the remainder when 12779650 is divided by 107?
105
What is the remainder when 9255933 is divided by 907?
905
What is the remainder when 1583149 is divided by 913?
7
Calculate the remainder when 1725268 is divided by 132711.
25
What is the remainder when 137328 is divided by 407?
169
What is the remainder when 47765697 is divided by 87?
0
What is the remainder when 2060023 is divided by 294287?
14
What is the remainder when 4572541 is divided by 56451?
10
Calculate the remainder when 505766 is divided by 63204.
134
Calculate the remainder when 199100 is divided by 736.
380
What is the remainder when 423082 is divided by 422889?
193
What is the remainder when 5369998 is divided by 29?
10
Calculate the remainder when 171143249 is divided by 170.
169
Calculate the remainder when 36981 is divided by 223.
186
What is the remainder when 45586 is divided by 45110?
476
What is the remainder when 968397 is divided by 968380?
17
What is the remainder when 19152 is divided by 18928?
224
What is the remainder when 2802411 is divided by 1468?
1467
Calculate the remainder when 140419 is divided by 46801.
16
What is the remainder when 8025575 is divided by 76434?
5
Calculate the remainder when 44115 is divided by 204.
51
Calculate the remainder when 1029403539 is divided by 307.
304
Calculate the remainder when 43927 is divided by 20967.
1993
What is the remainder when 1286124 is divided by 428371?
1011
What is the remainder when 224510 is divided by 82?
76
Calculate the remainder when 12408833 is divided by 19.
9
Calculate the remainder when 105612 is divided by 52766.
80
What is the remainder when 220552570 is divided by 6016?
6010
Calculate the remainder when 258499 is divided by 1208.
1195
What is the remainder when 103788 is divided by 51552?
684
Calculate the remainder when 717490 is divided by 11759.
191
Calculate the remainder when 66796901 is divided by 214781.
10
What is the remainder when 140550 is divided by 68575?
3400
Calculate the remainder when 20074 is divided by 9.
4
Calculate the remainder when 68971 is divided by 5839.
4742
What is the remainder when 184694 is divided by 422?
280
What is the remainder when 142170 is divided by 39?
15
What is the remainder when 6015221 is divided by 641?
77
What is the remainder when 31524 is divided by 3501?
15
Calculate the remainder when 836028 is divided by 56.
4
Calculate the remainder when 67670919 is divided by 1332.
1323
Calculate the remainder when 8215041 is divided by 303.
105
Calculate the remainder when 4906264 is divided by 1915.
34
Calculate the remainder when 286802 is divided by 1611.
44
Calculate the remainder when 63127 is divided by 2927.
1660
What is the remainder when 133203 is divided by 7380?
363
What is the remainder when 580677 is divided by 1879?
66
Calculate the remainder when 2045899678 is divided by 1173.
1171
What is the remainder when 260710 is divided by 260692?
18
Calculate the remainder when 1262475 is divided by 420783.
126
Calculate the remainder when 98142394 is divided by 6957.
6952
What is the remainder when 1090237 is divided by 2578?
2321
Calculate the remainder when 143094850 is divided by 11.
8
What is the remainder when 448370 is divided by 17189?
1456
What is the remainder when 46908 is divided by 40102?
6806
What is the remainder when 16144211 is divided by 19688?
51
What is the remainder when 30351 is divided by 10117?
0
What is the remainder when 248175 is divided by 49608?
135
Calculate the remainder when 55543 is divided by 11084.
123
What is the remainder when 15400618 is divided by 1283384?
10
Calculate the remainder when 2404931 is divided by 267201.
122
What is the remainder when 23515664 is divided by 23?
4
Calculate the remainder when 45107337 is divided by 11.
0
What is the remainder when 51149 is divided by 2162?
1423
What is the remainder when 410998 is divided by 102743?
26
What is the remainder when 113055091 is divided by 641?
639
Calculate the remainder when 27789252 is divided by 5027.
5023
What is the remainder when 351822 is divided by 174443?
2936
What is the remainder when 61377862 is divided by 97?
45
Calculate the remainder when 334346953 is divided by 18.
13
What is the remainder when 740270 is divided by 105732?
146
Calculate the remainder when 525623 is divided by 78.
59
Calculate the remainder when 5318225 is divided by 888.
881
What is the remainder when 3418471 is divided by 934?
31
Calculate the remainder when 2782744 is divided by 11892.
16
Calculate the remainder when 397105 is divided by 7636.
33
Calculate the remainder when 128063 is divided by 3135.
2663
Calculate the remainder when 1373672 is divided by 517.
3
What is the remainder when 2198569 is divided by 18321?
49
Calculate the remainder when 247724021 is divided by 4.
1
Calculate the remainder when 2376931 is divided by 16978.
11
Calculate the remainder when 81409 is divided by 2752.
1601
What is the remainder when 186389 is divided by 25181?
10122
Calculate the remainder when 73869501 is divided by 36934738.
25
Calculate the remainder when 5120394 is divided by 83.
41
Calculate the remainder when 100729821 is divided by 86.
85
Calculate the remainder when 5291211 is divided by 30585.
6
What is the remainder when 66951893 is divided by 22317295?
8
Calculate the remainder when 360674 is divided by 131.
31
Calculate the remainder when 2355632 is divided by 71.
65
Calculate the remainder when 145223419 is divided by 23.
16
What is the remainder when 693183 is divided by 49511?
29
What is the remainder when 36078202 is divided by 58?
56
What is the remainder when 26263382 is divided by 175089?
32
Calculate the remainder when 17592406 is divided by 36.
34
Calculate the remainder when 5320000 is divided by 5319866.
134
Calculate the remainder when 12266209 is divided